der when 36863292 is divided by 160975.
17
Calculate the remainder when 30788 is divided by 30302.
486
Calculate the remainder when 5216636 is divided by 745216.
124
Calculate the remainder when 498743 is divided by 10610.
73
Calculate the remainder when 18271042 is divided by 638.
636
What is the remainder when 1112824 is divided by 148?
12
Calculate the remainder when 2684669 is divided by 11048.
5
Calculate the remainder when 8496086 is divided by 269.
259
Calculate the remainder when 17854912 is divided by 1203.
1189
What is the remainder when 7763235 is divided by 90270?
15
Calculate the remainder when 102443 is divided by 582.
11
Calculate the remainder when 483978 is divided by 372.
6
Calculate the remainder when 1938973 is divided by 251.
249
What is the remainder when 33010 is divided by 1769?
1168
Calculate the remainder when 252822302 is divided by 53.
6
What is the remainder when 2998381 is divided by 121?
1
Calculate the remainder when 562183 is divided by 140536.
39
What is the remainder when 146205 is divided by 44891?
11532
What is the remainder when 127568 is divided by 25?
18
What is the remainder when 10123679 is divided by 7629?
7625
Calculate the remainder when 174110 is divided by 10852.
478
Calculate the remainder when 418622 is divided by 511.
113
Calculate the remainder when 112499 is divided by 2642.
1535
Calculate the remainder when 12980 is divided by 393.
11
Calculate the remainder when 116953 is divided by 21.
4
What is the remainder when 297419 is divided by 79?
63
Calculate the remainder when 5188422 is divided by 592.
134
What is the remainder when 5931773 is divided by 5254?
7
What is the remainder when 161004 is divided by 158256?
2748
What is the remainder when 4150594 is divided by 7231?
0
What is the remainder when 60937688 is divided by 45956?
32
What is the remainder when 1354008 is divided by 1878?
1848
Calculate the remainder when 514464 is divided by 9575.
6989
What is the remainder when 61593 is divided by 7617?
657
Calculate the remainder when 36348447 is divided by 479.
11
What is the remainder when 15082 is divided by 958?
712
Calculate the remainder when 40074007 is divided by 1431214.
15
Calculate the remainder when 117419427 is divided by 6179968.
35
What is the remainder when 5942942 is divided by 41?
33
What is the remainder when 240085355 is divided by 1518?
1511
Calculate the remainder when 22317 is divided by 2429.
456
Calculate the remainder when 20302651 is divided by 23.
22
What is the remainder when 157192573 is divided by 1649?
1648
What is the remainder when 91550439 is divided by 464?
455
What is the remainder when 734540 is divided by 142?
116
What is the remainder when 123650524 is divided by 476?
4
Calculate the remainder when 27132129 is divided by 151.
147
Calculate the remainder when 23503 is divided by 11435.
633
What is the remainder when 4029909 is divided by 2575?
34
What is the remainder when 5248361 is divided by 1292?
257
What is the remainder when 2355365 is divided by 33174?
11
Calculate the remainder when 61301 is divided by 5744.
3861
Calculate the remainder when 61867108 is divided by 645.
643
Calculate the remainder when 140575410 is divided by 26.
14
Calculate the remainder when 6608151 is divided by 117.
108
What is the remainder when 30988628 is divided by 10329539?
11
Calculate the remainder when 715780 is divided by 14903.
436
Calculate the remainder when 21025880 is divided by 1959.
1892
What is the remainder when 359868 is divided by 179924?
20
What is the remainder when 154269 is divided by 51224?
597
What is the remainder when 2089738 is divided by 12079?
71
Calculate the remainder when 26370923 is divided by 209293.
5
What is the remainder when 562966 is divided by 81?
16
Calculate the remainder when 868659 is divided by 289480.
219
What is the remainder when 39220 is divided by 325?
220
Calculate the remainder when 170632 is divided by 15494.
198
What is the remainder when 141155 is divided by 69916?
1323
Calculate the remainder when 36661 is divided by 1222.
1
Calculate the remainder when 638777 is divided by 176.
73
What is the remainder when 18662143 is divided by 15?
13
What is the remainder when 826289 is divided by 7185?
14
Calculate the remainder when 6531487 is divided by 10.
7
Calculate the remainder when 4200985 is divided by 73701.
28
What is the remainder when 59486312 is divided by 289?
286
What is the remainder when 117955 is divided by 58835?
285
What is the remainder when 567520 is divided by 567445?
75
What is the remainder when 4262715 is divided by 177612?
27
What is the remainder when 203695 is divided by 2582?
2299
Calculate the remainder when 125094953 is divided by 13.
9
What is the remainder when 343154176 is divided by 776?
768
Calculate the remainder when 30827 is divided by 5731.
2172
What is the remainder when 116625 is divided by 116613?
12
What is the remainder when 278625 is divided by 92859?
48
Calculate the remainder when 393055 is divided by 361.
287
Calculate the remainder when 218519 is divided by 624.
119
What is the remainder when 13847 is divided by 11984?
1863
What is the remainder when 2771255 is divided by 28?
11
What is the remainder when 18121191 is divided by 102?
75
What is the remainder when 1100658 is divided by 77?
20
What is the remainder when 10707 is divided by 3498?
213
What is the remainder when 12324 is divided by 639?
183
What is the remainder when 1022551 is divided by 170318?
643
What is the remainder when 202498 is divided by 913?
725
Calculate the remainder when 145771 is divided by 6734.
4357
Calculate the remainder when 2425713 is divided by 63834.
21
What is the remainder when 315496 is divided by 19495?
3576
Calculate the remainder when 920256 is divided by 1945.
271
What is the remainder when 2140689 is divided by 11034?
93
What is the remainder when 13279483 is divided by 2870?
2863
Calculate the remainder when 126715948 is divided by 20.
8
What is the remainder when 1221460 is divided by 435?
415
Calculate the remainder when 21167861 is divided by 59.
18
Calculate the remainder when 2720 is divided by 106.
70
What is the remainder when 23918407 is divided by 334?
333
What is the remainder when 15152940 is divided by 47?
46
Calculate the remainder when 21019 is divided by 10087.
845
What is the remainder when 796916 is divided by 66?
32
What is the remainder when 397087 is divided by 2534?
1783
Calculate the remainder when 28396966 is divided by 8231.
16
Calculate the remainder when 524874 is divided by 929.
918
Calculate the remainder when 667622 is divided by 95351.
165
What is the remainder when 6318566 is divided by 1263692?
106
Calculate the remainder when 92170 is divided by 459.
370
What is the remainder when 123945 is divided by 10326?
33
What is the remainder when 17573 is divided by 278?
59
What is the remainder when 26649 is divided by 3806?
7
Calculate the remainder when 54878018 is divided by 5.
3
What is the remainder when 2652294 is divided by 98233?
3
What is the remainder when 3646142 is divided by 9?
8
Calculate the remainder when 9488802 is divided by 271.
8
Calculate the remainder when 42063 is divided by 4207.
4200
Calculate the remainder when 22628460 is divided by 33.
30
Calculate the remainder when 560118895 is divided by 13.
11
What is the remainder when 1147692 is divided by 36?
12
Calculate the remainder when 1084741 is divided by 15277.
74
What is the remainder when 56218300 is divided by 1449?
1447
What is the remainder when 184520315 is divided by 184520297?
18
What is the remainder when 5680 is divided by 5281?
399
Calculate the remainder when 15234904 is divided by 6158.
12
Calculate the remainder when 72348252 is divided by 4019346.
24
What is the remainder when 133284 is divided by 1269?
39
What is the remainder when 5304666 is divided by 902?
4
What is the remainder when 251345 is divided by 31339?
633
What is the remainder when 60609038 is divided by 2714?
2704
Calculate the remainder when 5188307 is divided by 1969.
1961
Calculate the remainder when 434127688 is divided by 113.
107
What is the remainder when 1312627 is divided by 87398?
1657
Calculate the remainder when 977377 is divided by 139603.
156
What is the remainder when 373714 is divided 